(h).
2
Let n(x) be the second derivative of 0 - 2*x + 1/2*x**2 + 1/3*x**3. Determine n(-1).
-1
Let k(a) = a + 4. Let h(f) = -11*f + 2. Let l be h(-2). Let g be -2 + l + (0 - 1). Suppose 5*m - 6 + g = 0. What is k(m)?
1
Let q be 14/(-42) - (-1 - 2/(-3)). Let p(i) be the first derivative of i**4/4 - i**3/3 + i**2/2 - 5*i + 2. Determine p(q).
-5
Let l(w) = -w**3 - 3*w**2 + 3*w - 2. Let v be l(-3). Let p = -6 - v. Let o(t) = -t**2 + p*t**2 - t**2 - 1. Give o(1).
2
Let b(n) = -5*n**2 + n + 3*n**2 + 11*n**2. Calculate b(-1).
8
Let p(b) = -b**3 + 4*b**2 + 4*b + 1. Let z be p(5). Let l(n) = -n**2 + 4*n + 11. Let t(w) = w**2 - 3*w - 10. Let c(d) = -6*l(d) - 7*t(d). Determine c(z).
0
Let i(c) be the third derivative of c**5/60 + c**3/6 - 18*c**2 - 1. Calculate i(-1).
2
Let c(f) = 3*f + 2*f**2 - 11*f + 10*f - f**2. Determine c(-3).
3
Let q be 2*(9/2)/3. Let s(d) = 4*d**3 - 7*d**2 + 4*d - 3. Let n(w) = 5*w**3 - 8*w**2 + 5*w - 4. Let l(p) = 3*n(p) - 4*s(p). Calculate l(q).
6
Let g(r) = -3*r - 6. Let c = 26 - 9. Let h = c - 21. What is g(h)?
6
Let k(j) = 2*j**2 + 3*j + 3. Let r be k(-2). Let z(x) be the third derivative of -x**6/120 + x**5/12 + x**4/24 - 7*x**3/6 + 15*x**2. Calculate z(r).
-2
Let z(s) = 3*s**2 + 26*s + 25. Let j(w) = w**2 + 13*w + 13. Let u(n) = 5*j(n) - 2*z(n). Determine u(14).
1
Let k(p) = -2 + 0*p - 4 - p. Let t = -57 - -52. Give k(t).
-1
Let y(o) = -o**3 - 6*o**2 + 13*o + 4. Let j(x) = -2*x**3 - 11*x**2 + 28*x + 8. Let n(c) = -2*j(c) + 5*y(c). Determine n(-9).
4
Let m(v) = v**3 + 6*v**2 + 2*v - 3. Let c(i) = 4*i**3 + i**2 - 2. Let k be c(-1). What is m(k)?
12
Let b(o) = -1 + 2 + 6 - 3*o - 4. Give b(-6).
21
Let d(p) = 7*p**3 + 0*p**3 + p**2 - 2*p**2 + p. Suppose -2 + 6 = 4*c. Give d(c).
7
Let h(o) = 5*o - o - 3*o - 11. What is h(10)?
-1
Let h(q) = 1. Let y(r) = -2*r - 6. Let n(c) = -12*h(c) - y(c). Calculate n(6).
6
Let n(k) be the first derivative of -k**4/4 + 5*k**3/3 - k**2/2 + 3*k + 1. Suppose 0 = -h - h + 40. Suppose -o = 3*o - h. Give n(o).
-2
Suppose 3*v = 5*k + 2, 4*k - v + 3*v = 16. Let q be ((-4)/12)/((-2)/24). Let s(p) = p + 0*p + k*p - q. Calculate s(3).
5
Suppose 0*b + 5*c = 3*b - 22, 2*b + 22 = -4*c. Let q(p) = -14*p**3 - p**2 - p - 1. What is q(b)?
13
Let f(u) be the first derivative of 3*u + 0*u**3 - 1/2*u**2 - 2 + 1/4*u**4. Let p be f(0). Let g(s) = -s**3 + 4*s**2. Give g(p).
9
Let k = 187 - 181. Let g(r) = -5*r**3 + 10*r**2 - 5*r + 5. Let x(f) = 4*f**3 - 9*f**2 + 4*f - 4. Let i(c) = 3*g(c) + 4*x(c). Determine i(k).
5
Let w(m) = -m**3 - 6*m**2 - m. Let a be w(-6). Let q(i) = -i**3 + 6*i**2 - 3*i + 6. Determine q(a).
-12
Let x = -23 + 17. Let y(m) = -m**3 - 5*m**2 + 4*m - 3. Calculate y(x).
9
Let k(t) = -t**2 + 2*t - 3. Let w = -9 - -19. Suppose 3*j - 5*j + w = 0. Suppose g + g - 3*u = -j, -15 = -5*u. What is k(g)?
-3
Suppose 3*o + d - 1 = -0, -4*d - 6 = 2*o. Let q(u) = -u**3 - u**2 + u - 1. Give q(o).
-2
Let a be -3 + -2*(0 - -4). Let m = a - -12. Let y(d) = 8*d - 1. Calculate y(m).
7
Let c(t) = t**2 + 7*t. Suppose -6*l + 17 = 53. What is c(l)?
-6
Suppose 4 + 12 = -2*h. Let x = h - -13. Let w(z) = z - 2. Let f(k) = -4*k + 7. Let c(a) = -2*f(a) - 9*w(a). What is c(x)?
-1
Let z(r) = -r**3 + r**2 - r. Let t(u) = 5*u**3 - 3*u**2 + 3*u - 3. Let p(q) = -t(q) - 4*z(q). Let a be p(0). Let s(h) = h**3 - 3*h**2 + 2*h. Calculate s(a).
6
Suppose 0 = 8*u + 4*u. Let f(q) be the third derivative of u - 1/12*q**4 + q**3 + 1/120*q**6 - 2*q**2 + 0*q - 1/15*q**5. What is f(4)?
-2
Let c(y) = -123*y + 61*y + 5 + 61*y + 7. Give c(10).
2
Let v(h) be the third derivative of h**7/315 + h**6/720 - h**4/8 + 10*h**2. Let q(p) be the second derivative of v(p). Determine q(1).
9
Suppose 4*d + 3*v - 5 = 0, 0 = -3*d - 4*v - 3 - 2. Let y(t) = -t**2 - 2 - 5 + 5*t - 1 + 2. Give y(d).
-6
Let b(l) = -8*l + 1. Suppose -2*y - 4 = -0. Let v = y - -1. Determine b(v).
9
Let i(g) = g - 11. Suppose h = -3*t + 6, 3*t = 4*h - 0*h + 6. Determine i(h).
-11
Let w(k) = -k**2 - 5*k - 3. Let x(o) = -o**2 - 8*o - 15. Let d(n) = n**2 - 6*n + 2. Let s be d(4). Let f be x(s). What is w(f)?
3
Let o(m) be the second derivative of m**3/3 + 11*m**2/2 + 8*m. Let k(x) = -2*x - 12. Let g(w) = -4*k(w) - 5*o(w). Calculate g(-5).
3
Let s(l) = -l**2 + l + 4. Let k = 2 + -2. Suppose 5*j = -25, k = 2*u + 2*j + j + 15. Let d be u/2 - (-6)/2. Give s(d).
-2
Let h = -6 + 9. Let s = 18 - 19. Let l = h + s. Let p(v) = -v**3 + 3*v**2 - 2*v - 2. What is p(l)?
-2
Let b(o) be the second derivative of 0 - o - 1/2*o**2 - 1/6*o**3. What is b(1)?
-2
Let s(x) be the second derivative of x**4/12 + 7*x**3/6 - 3*x**2 - 46*x. Give s(-8).
2
Let y be 1*(0 + 1/(-1)). Let b(d) be the first derivative of -5*d**4/24 + d**3/6 - 7*d**2/2 + 2. Let a(p) be the second derivative of b(p). What is a(y)?
6
Let g = 71 + -107. Let a be (-3)/(-7) + g/(-63). Let u(y) be the second derivative of -y**3/6 + y**2/2 + y. What is u(a)?
0
Let o(m) = -2*m**2 - 2. Suppose 3*w = -3*t - 57, -t - 3*w - 37 = -16. Let g = t - -20. Calculate o(g).
-10
Let i(z) = -z**2 - 6*z + 5. Let t = -1 + -1. Let w = -4 + t. Calculate i(w).
5
Let r be 0/(5/(10/4)). Suppose r = 5*d - 10. Let k(m) = -8 + 3 + 6*m + m**d - 2*m**2. Determine k(4).
3
Let k = 6 + -4. Suppose -3*g - k*g = -65. Suppose -7 = -4*q + g. Let i(t) = t**2 - 4*t - 4. Determine i(q).
1
Let y(p) = -p**2 + 2*p - 3. Let w be 46/(-10) + 6/(-15). Let t be (-204)/(-26) - (-4)/26. Let q = t + w. What is y(q)?
-6
Let z(h) = h - 1. Let j be z(-5). Let y be (1 + -3)*j/(-4). Let u(k) be the third derivative of k**4/24 - k**3/6 + 11*k**2. What is u(y)?
-4
Let b(q) be the first derivative of q**3/3 - q**2/2 - 3*q + 39. What is b(-3)?
9
Let u(h) = h**3 - 2*h**2 - 4*h. Let k be u(3). Let j(w) = -7*w**2 - 9*w - 5. Let t(l) = -4*l**2 - 5*l - 3. Let n(p) = -6*j(p) + 10*t(p). Calculate n(k).
6
Let i(l) = l - 1. Suppose -2*c - 2*a = -3*a - 72, -4*a = c - 27. Suppose -3*v + 0*v + 3*u + 30 = 0, 2*u = 5*v - c. Give i(v).
4
Let t(h) = -8*h + 1. Let c(l) = l**2 + 3*l + 2. Let z be c(-4). Suppose -4*g = -z + 2. Give t(g).
-7
Let s(k) = -2*k. Let q be (1*3)/(2/6). Suppose -2*g - g - q = 0. Let r = g - -6. Calculate s(r).
-6
Let u = 0 - -1. Let b(m) = -893 - m**2 + 9*m**2 + m + 892. Give b(u).
8
Let y = -62 + 60. Let n(m) = 3*m**3 + 2*m**2 + 2*m. Give n(y).
-20
Let i(v) = -v**3 - 6*v**2 - 6*v - 7. Let b be (-5)/((-1 - -5)/4). Give i(b).
-2
Suppose 0 = 2*j + o + 12, -3*j - o = 2*o + 24. Let c(u) be the third derivative of -u**4/12 - u**3 - 10*u**2. Give c(j).
2
Suppose 29 = 5*v + 5*w - 1, 2*v = w + 6. Let q be (2 - (v + -2)) + 1. Suppose 4*g = -i + 2*g - q, -2*g - 10 = -2*i. Let h(a) = -a - 1. What is h(i)?
-4
Let t(x) = x**2 - 4*x + 3. Let j be (-2)/4 + 18/4. Suppose 2*l - j*k + 0*k = 16, -3*l = 2*k. Calculate t(l).
-1
Let k(q) = -q. Let z(f) = f**3 - 4*f**2 - 3*f - 2. Let w(h) = h**2 + h + 1. Let j(p) = 4*w(p) + z(p). Let b be j(0). Let t be 3*b/3 + -7. Calculate k(t).
5
Let x(u) = -3*u - 61. Let f be x(-18). Let j(q) = -q**3 - 6*q**2 + 8*q - 5. Give j(f).
-12
Let r(d) = -d**3 - d**2 + d - 2. Let a = 44 - 44. Determine r(a).
-2
Let q(v) = -v**3 + 7*v**2 - 7*v + 8. Let l be q(6). Let h(d) = 2*d + 0*d + l + 0*d + 0*d. Calculate h(-2).
-2
Suppose -5*c - 2 = 8. Let a = c - 3. Let t(y) = y**3 + y - 4*y + 5*y**2 + 2*y - 6. Calculate t(a).
-1
Suppose 4*d + 4*c - 12 = -0*d, 5*d - c = -15. Let o(p) be the second derivative of -3*p + 1/20*p**5 - 1/3*p**3 + 1/12*p**4 + 1/2*p**2 + 0. Give o(d).
1
Let a(j) be the second derivative of 1/12*j**4 - 1/2*j**2 - 4*j + 0 - 1/6*j**3 + 1/20*j**5. What is a(0)?
-1
Let c(o) be the second derivative of o**4/24 + 2*o**3/3 + o**2/2 + 4*o. Let u(h) be the first derivative of c(h). What is u(3)?
7
Let j(n) = -1 - 6 + 0 - 3*n + n**2. Let t be j(5). Let g(u) = -4*u - 2 + 8*u + u**2 + u**t - 5*u. What is g(0)?
-2
Let k = -1 + 3. Let c(m) = -3*m**2 + 4*m**2 - 2*m**k. What is c(0)?
0
Let p(s) = s + 1. Let x(c) = -c**2 - 4*c - 5. Let i(n) = -2*p(n) + x(n). Let w = 7 - 3. Suppose 28 - 8 = -w*u. What is i(u)?
-2
Let c(x) = -3*x - 5. Let d(b) = -b - 3. Let l(s) = 2*c(s) - 5*d(s). Let p(v) = v - 4. Let a be p(0). Calculate l(a).
9
Let n(z) = -z**3 - z**2 - z. Let i = -12 - -11. Let x(u) = 2*u**3 + 2*u + 10. Let c(t) = i*x(t) - n(t). Give c(0).
-10
Suppose t - 10 = -t. Let r(f) = -f**3 - 5*f**2 + 